{"id":98,"date":"2020-05-26T15:00:46","date_gmt":"2020-05-26T15:00:46","guid":{"rendered":"http:\/\/pepeh.com.br\/?page_id=98"},"modified":"2024-01-29T10:08:48","modified_gmt":"2024-01-29T10:08:48","slug":"sobre","status":"publish","type":"page","link":"https:\/\/pepeh.com.br\/index.php\/sobre\/","title":{"rendered":"Sobre"},"content":{"rendered":"\n<div class=\"wp-block-columns is-layout-flex wp-container-core-columns-layout-1 wp-block-columns-is-layout-flex\">\n<div class=\"wp-block-column is-layout-flow wp-block-column-is-layout-flow\" style=\"flex-basis:54.5%\">\n<figure class=\"wp-block-image size-large is-resized\"><img loading=\"lazy\" decoding=\"async\" src=\"http:\/\/pepeh.com.br\/wp-content\/uploads\/2020\/06\/84359878_10216300164671838_5267592979828178944_n-1.jpg\" alt=\"\" class=\"wp-image-133\" width=\"331\" height=\"470\" srcset=\"https:\/\/pepeh.com.br\/wp-content\/uploads\/2020\/06\/84359878_10216300164671838_5267592979828178944_n-1.jpg 507w, https:\/\/pepeh.com.br\/wp-content\/uploads\/2020\/06\/84359878_10216300164671838_5267592979828178944_n-1-211x300.jpg 211w\" sizes=\"(max-width: 331px) 100vw, 331px\" \/><\/figure>\n<\/div>\n\n\n\n<div class=\"wp-block-column is-layout-flow wp-block-column-is-layout-flow\" style=\"flex-basis:33.33%\">\n<h1 class=\"wp-block-heading\"><em>Pedro Carvalho<\/em><\/h1>\n\n\n\n<blockquote class=\"wp-block-quote\"><p>Nascido em Bel\u00e9m do Par\u00e1, piloto da Marinha Mercante, Eng. Eletr\u00f4nico, instalador de sistemas de energia solar, guia de turismo ambiental,  amante da natureza e da vida no mar.<\/p><cite>Nem tudo que vai volta  mas,<br>tudo que volta pode ir de novo. <br>A vida continua e \u00e9 bela!!! <br>Positive Mind always.<\/cite><\/blockquote>\n\n\n\n<p><\/p>\n\n\n\n<p><\/p>\n\n\n\n<p><\/p>\n\n\n\n<p><\/p>\n<\/div>\n<\/div>\n\n\n\n<div class=\"wp-block-columns is-layout-flex wp-container-core-columns-layout-2 wp-block-columns-is-layout-flex\">\n<div class=\"wp-block-column is-layout-flow wp-block-column-is-layout-flow\">\n<div class=\"wp-block-image\"><figure class=\"aligncenter size-large\"><img loading=\"lazy\" decoding=\"async\" width=\"262\" height=\"240\" src=\"http:\/\/pepeh.com.br\/wp-content\/uploads\/2020\/06\/navio2.png\" alt=\"\" class=\"wp-image-153\"\/><\/figure><\/div>\n\n\n\n<p class=\"has-text-align-center\"><strong>VIDA MAR\u00cdTIMA<\/strong><\/p>\n\n\n\n<p class=\"has-text-align-center\">Aenean commodo eleifend vestibulum. Sed vitae risus in elit gravida laoreet. Phasellus at lectus magna. Nunc malesuada odio vitae risus aliquet, non aliquam massa laoreet. Suspendisse sit amet nulla a nunc suscipit bibendum laoreet et erat.<\/p>\n<\/div>\n\n\n\n<div class=\"wp-block-column is-layout-flow wp-block-column-is-layout-flow\">\n<figure class=\"wp-block-image size-large\"><img loading=\"lazy\" decoding=\"async\" width=\"262\" height=\"240\" src=\"http:\/\/pepeh.com.br\/wp-content\/uploads\/2020\/06\/natureza.png\" alt=\"\" class=\"wp-image-151\"\/><\/figure>\n\n\n\n<p class=\"has-text-align-center\"><strong>AMANTE DA NATUREZA<\/strong><\/p>\n\n\n\n<p class=\"has-text-align-center\">Aenean commodo eleifend vestibulum. Sed vitae risus in elit gravida laoreet. Phasellus at lectus magna. Nunc malesuada odio vitae risus aliquet, non aliquam massa laoreet. Suspendisse sit amet nulla a nunc suscipit bibendum laoreet et erat.<\/p>\n<\/div>\n\n\n\n<div class=\"wp-block-column is-layout-flow wp-block-column-is-layout-flow\">\n<figure class=\"wp-block-image size-large\"><img loading=\"lazy\" decoding=\"async\" width=\"262\" height=\"240\" src=\"http:\/\/pepeh.com.br\/wp-content\/uploads\/2020\/06\/corrida.png\" alt=\"\" class=\"wp-image-154\"\/><\/figure>\n\n\n\n<p class=\"has-text-align-center\"><strong>ESPORTE E SA\u00daDE<\/strong><\/p>\n\n\n\n<p class=\"has-text-align-center\">Aenean commodo eleifend vestibulum. Sed vitae risus in elit gravida laoreet. Phasellus at lectus magna. Nunc malesuada odio vitae risus aliquet, non aliquam massa laoreet. Suspendisse sit amet nulla a nunc suscipit bibendum laoreet et erat.<\/p>\n<\/div>\n<\/div>\n","protected":false},"excerpt":{"rendered":"<p>Pedro Carvalho Nascido em Bel\u00e9m do Par\u00e1, piloto da Marinha Mercante, Eng. Eletr\u00f4nico, instalador de sistemas de energia solar, guia de turismo ambiental, amante da natureza e da vida no mar. Nem tudo que vai volta mas,tudo que volta pode ir de novo. A vida continua e \u00e9 bela!!! Positive Mind always. VIDA MAR\u00cdTIMA Aenean&hellip; <br \/> <a class=\"read-more\" href=\"https:\/\/pepeh.com.br\/index.php\/sobre\/\">Read more<\/a><\/p>\n","protected":false},"author":1,"featured_media":0,"parent":0,"menu_order":0,"comment_status":"closed","ping_status":"closed","template":"","meta":{"footnotes":""},"_links":{"self":[{"href":"https:\/\/pepeh.com.br\/index.php\/wp-json\/wp\/v2\/pages\/98"}],"collection":[{"href":"https:\/\/pepeh.com.br\/index.php\/wp-json\/wp\/v2\/pages"}],"about":[{"href":"https:\/\/pepeh.com.br\/index.php\/wp-json\/wp\/v2\/types\/page"}],"author":[{"embeddable":true,"href":"https:\/\/pepeh.com.br\/index.php\/wp-json\/wp\/v2\/users\/1"}],"replies":[{"embeddable":true,"href":"https:\/\/pepeh.com.br\/index.php\/wp-json\/wp\/v2\/comments?post=98"}],"version-history":[{"count":20,"href":"https:\/\/pepeh.com.br\/index.php\/wp-json\/wp\/v2\/pages\/98\/revisions"}],"predecessor-version":[{"id":1107,"href":"https:\/\/pepeh.com.br\/index.php\/wp-json\/wp\/v2\/pages\/98\/revisions\/1107"}],"wp:attachment":[{"href":"https:\/\/pepeh.com.br\/index.php\/wp-json\/wp\/v2\/media?parent=98"}],"curies":[{"name":"wp","href":"https:\/\/api.w.org\/{rel}","templated":true}]}}